 w.
18
Let v(i) = -78*i - 3. Let q be v(-3). Let k(o) = 2787*o - 317619. Let n be k(114). What is the highest common factor of n and q?
33
Let t(a) = 4*a**2 - 78*a - 86. Let g be t(-36). Calculate the greatest common factor of 236 and g.
118
Let s be (-4)/(-10) - 169/(-65). Suppose w + 4*i = -0*i - 54, 2*i - 148 = s*w. Let q be (w/3)/((-4)/66). What is the greatest common factor of q and 25?
25
Let m be ((-2)/6)/(7 + 21366/(-3051)). Let s = m - 111. What is the greatest common factor of s and 1?
1
Let r = 70 + -66. Let g be r - (-1 - -5) - -234. Calculate the highest common factor of g and 117.
117
Let s be ((-44)/6)/(4/(-6)). Let l = 760 + -760. Suppose l = 2*v + 72 - 182. What is the highest common divisor of v and s?
11
Suppose 2*c - 8200 = -2*m, 0 = -11*m + 12*m - 4*c - 4085. Calculate the greatest common divisor of m and 17.
17
Suppose 870 = 7*z - 3*z - 2*a, 0 = 3*z + a - 665. What is the highest common divisor of z and 1892?
44
Suppose -5*y = -3*o - 63, 4*y + 2*o - 81 = -13. What is the greatest common divisor of 87 and y?
3
Let g(s) = -877*s + 1615. Let q be g(-17). Calculate the greatest common factor of q and 27.
27
Let d = -20 - -68. Let y be 64/8 - 380 - -6. Let o = -330 - y. Calculate the highest common factor of o and d.
12
Let o(y) = y**3 + 61*y**2 - 929*y - 26. Let z be o(13). Suppose 5*l - 4*l - 9 = -2*f, 5*l = -3*f + 59. What is the highest common divisor of l and z?
13
Suppose -5*g + g + 40 = 0. Let l be (-8)/g*5/(-2). Let b be 30 - ((-3)/l)/(36/48). Calculate the highest common factor of b and 16.
16
Suppose -5*q + 12*q - 91 = 0. Let n = -86 + 203. Calculate the highest common divisor of n and q.
13
Let r(t) = t**3 - 13*t**2 - 21*t + 119. Let z be r(14). Calculate the highest common factor of 24 and z.
3
Let q = 41961 - 34881. What is the highest common factor of 40 and q?
40
Suppose 0*c + 2*t + 24 = 4*c, -t + 30 = 4*c. Let z(v) = 42*v + 7. Let i be z(2). Calculate the greatest common factor of i and c.
7
Let j(u) = -u**3 - 34*u**2 - 6*u + 4. Let q be j(-34). Calculate the greatest common divisor of q and 6656.
208
Let h = -938 - -1910. Suppose r = -962 + h. Calculate the highest common factor of r and 25.
5
Suppose y + 2*z + 13 - 43 = 0, y = z + 24. Calculate the highest common factor of y and 481.
13
Suppose 0 = -4*x + 7*m - 5*m, 2*x - 4 = 3*m. Let o be ((-700)/(-25))/(x/(-4)). What is the greatest common factor of o and 48?
16
Let u(i) = -5*i + 125. Let k be u(17). Calculate the greatest common factor of 1400 and k.
40
Suppose 535312 = -5*l + 2*c, -2*c + 122787 = -4*l - 305461. Let h be l/48*(-4)/6. Suppose -h - 241 = -8*d. Calculate the highest common divisor of d and 24.
24
Suppose -3*m - 3*n + 350 = -8*m, -4*m = 3*n + 253. Let d = 23 - m. Suppose -1764 = 16*b - 65*b. Calculate the highest common divisor of b and d.
18
Suppose p + 4*j + 4 = -3*p, 2*p - 33 = 5*j. Let u be (18 - (p + 1)) + -2. Calculate the greatest common divisor of u and 33.
11
Let a be 3/(4/12 - 0). Suppose 0 = -3*r + a, 5*k = -5*r + 174 - 59. Suppose 72 = -16*c + k*c. What is the highest common factor of c and 198?
18
Suppose -303*p + 64*p - 365*p + 15100 = 0. Calculate the greatest common factor of 1195 and p.
5
Let o be (1010/4 - 2)*57/(684/80). Calculate the greatest common divisor of 10 and o.
10
Let x = -20810 + 21105. Calculate the greatest common divisor of 265 and x.
5
Let k be (-3 - -12 - 9)/(-1 + -1). Let c be (42/(-8) + k)/((-5)/(-20)). Let v = c + 79. What is the highest common factor of v and 145?
29
Let y = -144 + 208. Let k be (-2 - y/(-28)) + 12/7. What is the highest common divisor of 16 and k?
2
Suppose -4450 + 1880 - 1258 = -33*w. Calculate the greatest common divisor of 232 and w.
116
Let y(t) = -14*t - 41. Let s be y(-9). Let r(n) = n**2 - 31*n + 203. Let u be r(9). Calculate the greatest common factor of s and u.
5
Suppose 3*u + y = 533, 0 = 2*u + 2*y - 148 - 214. Suppose -9*i + u = 59. Let t(p) = 7*p + 13. Let b be t(i). Calculate the greatest common factor of 8 and b.
8
Let t be (-20)/(-50) + (-9684)/(-15). Let v = t - 282. Calculate the highest common divisor of 28 and v.
28
Suppose -5*r + 0*x - x = -34, 5*r - 30 = -5*x. Suppose -48 = t - r*t. Suppose 43 + 93 = t*j. What is the greatest common factor of j and 153?
17
Suppose -a + 4265 = r, -77*r + 4*a - 21320 = -82*r. Calculate the highest common divisor of 20 and r.
20
Let d(v) = 2*v - 19. Let w be d(15). Suppose 0 = w*g - 842 + 17. Suppose -3*a - 9 = 0, -5*k + a + 144 = 3*a. Calculate the greatest common factor of g and k.
15
Let j(g) = g**3 + 11*g**2 - g + 10. Let t be j(-10). Let h = -7286 - -7301. What is the greatest common factor of h and t?
15
Let t(k) = 3*k - 67. Let f(j) = j**3 + 18*j**2 + 34*j + 55. Let h be f(-16). Let a be t(h). Calculate the greatest common factor of a and 16.
2
Suppose 403*l - 1379*l - 48178 = -266802. Let i be (-1)/(-2) + (-27)/(-2). Calculate the highest common factor of l and i.
14
Suppose -51 = -8*g - 3. Let l(d) = d**2 + d + 6. Let y be l(g). Suppose 2*t + 4*r - 26 = 22, 2*t = -r + y. What is the greatest common divisor of t and 32?
8
Suppose 0 = -4*q - 1032 + 1484. Calculate the highest common factor of q and 1921.
113
Let p = -57 - -96. Suppose -50*o + 1092 = -38*o. Calculate the greatest common divisor of o and p.
13
Let u(f) be the third derivative of f**5/60 + f**4/2 + 19*f**3/2 + 90*f**2. Let a be u(-8). What is the greatest common factor of a and 25?
25
Suppose -2*i + 290 = 3*o, 0 = 5*o - 0*o - 4*i - 476. Let f = -161 + 401. Calculate the greatest common divisor of o and f.
48
Let f be -102 + -2 + -2 - 5. Let b = f + 138. Calculate the highest common divisor of b and 18.
9
Let u(b) = b**3 + 13*b**2 - 16*b - 20. Let k be u(-9). What is the highest common factor of 5600 and k?
224
Suppose 2*y - 7*y + 10 = -3*t, 3*y - 2*t = 6. Let f be y/(-6) - (-104)/6. Let v = f + 7. Calculate the highest common divisor of 192 and v.
24
Let u be (-1 + (-540)/450 + 6/5)*-27. Suppose -4*n + 330 = 3*h, 5*h + 152 + 0 = 2*n. What is the highest common factor of n and u?
27
Let n = -43 + 42. Let p(t) = 315*t + 1. Let i be p(n). Let k be -3 + i*4/(-8). Calculate the greatest common divisor of k and 22.
22
Let z(t) = -t**2 - 5*t + 196. Let o be z(12). Let u(i) = i**3 + 9*i**2 + i - 38. Let f be u(o). Calculate the highest common factor of 234 and f.
18
Let f(c) be the first derivative of -c**3/3 + 7*c**2 - 25*c - 6. Let b be f(16). Let l be b/(-12) - (-5)/20. What is the highest common factor of 10 and l?
5
Suppose 70*g = -749*g + 12285. Suppose 5*t = 25, -30 = -5*l + 2*l + 3*t. What is the greatest common divisor of g and l?
15
Let y be 80/30 + (0 - 4/(-3)). Suppose -y*a = -7*a + 30. Let c be -2 - -5 - 174/(-2). What is the greatest common divisor of c and a?
10
Let n(q) = 79*q - 238. Let f be n(3). Let o be (-475)/(f/2*2). What is the greatest common divisor of o and 38?
19
Let a(k) = 2*k**3 - 3*k**2 + 11*k - 22. Let p be a(2). Suppose -331 = -w - p*n, 0 = w - 4*n + 65 - 436. Calculate the greatest common factor of w and 9.
9
Let h = 38431 + -28305. What is the greatest common factor of 498 and h?
166
Suppose -277*i = 189*i - 60580. Suppose 3*n - 57 - 21 = 0. Calculate the highest common factor of n and i.
26
Let n = 8508 - 8364. Let t be 3*2/(2/(-9)). Let o = -9 - t. Calculate the highest common divisor of n and o.
18
Let x be -324*(207/(-368))/(12/16). Calculate the highest common factor of x and 2889.
27
Let f(d) = -d**3 - 2*d + 8960. Let y be f(0). What is the greatest common factor of y and 32?
32
Let p(i) = -4*i**2 - 4*i + 2. Let n be p(1). Let w be (-3 - (-14)/6)/(n/1296). Calculate the greatest common divisor of 48 and w.
48
Let p(o) = -299*o - 54963. Let k be p(-184). Let f = 517 + 384. What is the greatest common divisor of k and f?
53
Let k(d) be the first derivative of 53*d**3/3 - 2*d**2 - d - 62. Let x be k(2). Calculate the greatest common divisor of 7 and x.
7
Let q(x) = x**3 - 7*x**2 + 18*x - 26. Let n be q(4). Let b be -7 + 3 - n - -1*70. Calculate the greatest common divisor of 51 and b.
17
Suppose 5*g - 4 = g. Let c(o) = 31*o**2 - 2*o + 1. Let m be c(g). Suppose -6*d = -60 - m. Calculate the highest common factor of d and 60.
15
Suppose 0*f + 1440 = 5*f - 0*f. Calculate the greatest common factor of f and 216.
72
Let n be 2/((8/12)/(